Suppose 0 = -u + 11 + j. List the prime factors of u.
2, 5
Let s(n) = 16*n**2. Let r be s(-1). Suppose j = 3*j - r. What are the prime factors of j?
2
Let t(v) = -v**3 + 4*v**2 + 3*v + 4. List the prime factors of t(4).
2
Let h(z) = z - 5. Let o(n) = n**2 - 2. Let k be o(-3). Let l be h(k). Suppose 3*u + 13 = l*v + 1, 0 = 2*v + 3*u - 24. List the prime factors of v.
3
Suppose d - 10 = -2*p, -3*p - 2*d + 3 = -12. Let x be ((-2)/p)/(2/(-20)). Suppose x*u - 29 = -9. What are the prime factors of u?
5
Let g = 62 - 12. Let x = g - -2. What are the prime factors of x?
2, 13
Let o(s) = -s**2 + 8*s - 5. Let x be o(7). Suppose 3*k = 4*k - x. What are the prime factors of k?
2
Suppose 4 = 4*k - 28. Let c = k - 20. Let s = c + 26. List the prime factors of s.
2, 7
Suppose 10*x + 174 = 8*x. Let m = x + 137. What are the prime factors of m?
2, 5
Let i = -14 - -22. What are the prime factors of i?
2
Suppose a + 5*k + 12 = 2*a, 0 = 5*a + k + 44. Let v = -3 - a. What are the prime factors of v?
5
Let a(o) = o**2 + 8*o - 4. Let c be a(-8). Let s be (-1)/c + 78/8. Suppose -28 = -2*i - 2*g - s, -4*g - 72 = -5*i. What are the prime factors of i?
2, 3
Suppose 3*l - 4*l + 45 = 0. List the prime factors of l.
3, 5
Suppose 4*b + 4 - 16 = 0. Suppose 0 = 2*r - b*l - 19, 0 = 5*r - 10*r + 2*l + 31. Suppose -r*p = 2*k - 40, 4*p + 5*k - 21 = 28. What are the prime factors of p?
2, 3
Let l(g) = -g + 14. Suppose -2*x - 2*p + 1 = 3, -2*x + 23 = -3*p. Suppose -4*b + 44 = 3*i, x*b - 2*i = i + 20. What are the prime factors of l(b)?
2, 3
Suppose -4*k + 1 = -7. What are the prime factors of -2 - k*21/(-6)?
5
Let d(g) = g**2 - 4. Let l(q) = -q - 16. Let m be l(-13). List the prime factors of d(m).
5
Suppose 4*a - 234 = 5*i, -3*a - 3*i + 6*i = -177. What are the prime factors of a?
61
Let v = 374 + -182. What are the prime factors of v?
2, 3
What are the prime factors of (1 - (0 - 73))/2?
37
Suppose -5*v + 4*v = 0. Suppose -4*r = -u + 35, v = -4*u + 2*r - 3*r + 72. List the prime factors of u.
19
List the prime factors of (-10)/((-62)/20 - -3).
2, 5
Suppose 5*l - 1 = -16. Let a be 2/(2 + 0) + 15. List the prime factors of a + 6/l + -2.
2, 3
Let u(h) = h**2 + 4*h + 4. Let c be u(-4). Suppose -4*t + 2*n = c*n - 100, 4*n - 32 = -t. List the prime factors of t.
2, 3
Suppose -4*s + 2 + 6 = -3*x, 10 = 5*s + 2*x. Let k(v) = v + s*v + 0*v - 3 + 2*v. What are the prime factors of k(3)?
2, 3
Let j(z) = z**3 + 3*z**2 - 2. Let k be j(-3). Let g be 0/k - (-2 + 8). Let t(q) = -2*q - 8. List the prime factors of t(g).
2
List the prime factors of ((-10)/4 + 2)/(2/(-524)).
131
Let n(s) = -s**2 - 7*s + 1. Let l be n(-5). Let o = l - 6. What are the prime factors of o?
5
Suppose 3*d + 86 = 4*d. Let y be d/7 + 2/(-7). Suppose -2*w = -3*w + y. What are the prime factors of w?
2, 3
Suppose -v - 2 + 8 = 0. Suppose 0 = -0*d - v*d + 246. List the prime factors of d.
41
Suppose 3*f = 3 + 6. Let x be -2 - (-1)/(f/45). Let b = x + -8. List the prime factors of b.
5
Let d be (6/(-7))/((-1)/(-14)). Let b = 7 + d. Let j = b - -15. List the prime factors of j.
2, 5
Suppose -2*y - 6 = -40. Suppose -5*t + 18 = -y. List the prime factors of t.
7
Suppose 51 = 2*b - 117. Let i = b - 55. What are the prime factors of i?
29
Let b(i) = 3*i**2 - 6*i - 2. List the prime factors of b(5).
43
Suppose 3*i = 4*u + 43, 2*i + 2*i = 5*u + 59. Suppose -i + 7 = -4*s - 2*m, 0 = 3*m + 3. List the prime factors of s.
2
What are the prime factors of (-541)/(-11) + (-24)/132?
7
Let t = -8 + 13. Suppose -n - t*q = -2*q - 3, -2*q = -3*n - 24. What are the prime factors of n/6 + 1*5?
2
Let a(p) = p**2 - p + 20. List the prime factors of a(0).
2, 5
Suppose 0 = -24*k + 29*k - 660. List the prime factors of k.
2, 3, 11
Let b(p) = 4*p**2 - p + 1. Let l be b(1). What are the prime factors of 22*(18/4 - l)?
11
Suppose 2*v + 0 - 4 = 0. What are the prime factors of v?
2
Let k(s) = 2*s**2 - 5*s - 1. List the prime factors of k(-6).
101
Let f be (3 + -4)*(0 + 7). Let x = 44 + f. What are the prime factors of x?
37
Let o(l) = 3*l**2 + l - 2. What are the prime factors of o(4)?
2, 5
Suppose -3*k + 315 = -210. List the prime factors of k.
5, 7
Let c = 20 + 19. List the prime factors of c.
3, 13
Suppose 3 = 2*a + 1. Let v = a + 2. Suppose -55 = -v*s - 2*d, 5*s - 5*d + 0*d = 100. List the prime factors of s.
19
Let l(r) = 2*r + 5*r - 6*r + 24*r**2 - 3*r - 1. What are the prime factors of l(-1)?
5
Let f be 2/10 + (-102)/(-15). Suppose 0 = -f*y + 2*y + 55. What are the prime factors of y?
11
Suppose 0 = -2*k - 8, 3*x + 0*k = 4*k - 146. Let p be (-1)/(-2) - x/(-4). Let m = 26 + p. What are the prime factors of m?
13
What are the prime factors of 1/((-4)/(-15))*4?
3, 5
Suppose 3*g - m = 68, 2*m + 12 + 14 = g. What are the prime factors of g?
2, 11
Suppose -301 = -2*m + 3*q, -q + 4*q + 158 = m. What are the prime factors of m?
11, 13
Let l(d) = -d**3 - 6*d**2 + d + 7. Let x be l(-6). Let n(z) = -4 - x + 0*z + 2*z. What are the prime factors of n(8)?
11
Let h(m) = 2*m**2 + 3*m - 2. Suppose 4*d = 2*c - 18, 3*c + c + 3*d - 3 = 0. List the prime factors of h(c).
5
Suppose -46 = l - 3*i + 9, 2*l = -4*i - 70. Let x = -21 - l. List the prime factors of x.
2, 11
Suppose -4*u - u - 3*n = -452, -u = n - 92. Suppose o - 82 = -3*o - 2*x, 4*o + 4*x = u. List the prime factors of o.
19
Let l(q) = q**2 - 11*q + 17. What are the prime factors of l(12)?
29
Suppose -19*r = -4*r - 3360. What are the prime factors of r?
2, 7
Let r = 67 - 113. Let a be (-2)/7 + r/(-14). Let w(j) = -j**2 + 3*j + 4. List the prime factors of w(a).
2
Let y be 4 - 4*(-2)/(-4). Suppose y*r - 13 = -5. Suppose r*t = 20 + 12. What are the prime factors of t?
2
Let u be (-1)/(-3) + 1611/27. Let a = -34 + u. List the prime factors of a.
2, 13
Let x = 0 + -43. Let a = x - -82. List the prime factors of a.
3, 13
Let m be -3*(0/1 - 1). Suppose 6*n - 25 = n. Suppose 2*t - n = 2*d + 13, d = m*t - 33. What are the prime factors of t?
2, 3
Suppose -23 = -4*k - 4*a + a, 5*k - 4*a + 10 = 0. Let m be (k - -16)*(-2)/(-1). Suppose b = -3*b + m. List the prime factors of b.
3
Let r = 22 - 12. List the prime factors of r.
2, 5
Let c = -148 + 209. List the prime factors of c.
61
Let i(g) = -g**3 - 5*g**2 + 9*g + 9. Let y be i(-5). Let k = y - -68. List the prime factors of k.
2
Let j = 21 + -9. Let r be (6/(-4) - 1)*-2. Let w = j - r. What are the prime factors of w?
7
Let z = 177 + -114. Suppose -3*s - 5*h = -116 + 11, -h = 2*s - z. What are the prime factors of s?
2, 3, 5
Let q = 16 + -4. Suppose -2*n = -3*n + q. List the prime factors of n.
2, 3
Suppose 0 = 3*j - 5*n - 20, 5*j - 2*n - n - 12 = 0. Suppose j*y + 8 = 2*y. List the prime factors of 0 + (-2 + 3)*y.
2
Suppose 3*h + 5*d = -9 - 1, d = -3*h - 14. What are the prime factors of (-2232)/(-45) - 2/h?
2, 5
Suppose -o + 9 = 4*m, -m = -4*m - 3*o. Suppose -x - 4*x + 26 = -2*a, x = -m*a - 5. List the prime factors of x.
2
Let t(l) = -l**2 - 3*l + 88. List the prime factors of t(0).
2, 11
Let k(p) = -2*p - 1. Let u be k(-3). Suppose -4*s + 2 = x, 76 = 5*x + 3*s - u*s. Suppose 0 = -5*w + 2*y + x, -y - 4*y = -2*w - 7. List the prime factors of w.
2
Suppose -2 = 5*d - 12. Let l = 7 - d. List the prime factors of l.
5
Let o = 647 + -430. What are the prime factors of o?
7, 31
Let v(z) = -8*z**3 + z**2 - 2*z - 3. Let p be v(-2). Suppose 4*j - 7 = p. List the prime factors of j.
19
What are the prime factors of 166 + 6/(-12)*10?
7, 23
Suppose -169 = 4*f - 3*r, -6*r + 3*r - 191 = 5*f. Let s = f - -64. Suppose 3*d + s = 57. What are the prime factors of d?
11
Suppose 0 = 2*z - 2*a - 6, 9 = 4*z - 3*a - 4. Suppose -2*l - 1 = -3. Let g = l + z. What are the prime factors of g?
5
Let u be (4/(-6))/((-22)/99). Suppose 9*d + i = 4*d + 180, 2*d = u*i + 89. List the prime factors of d.
37
What are the prime factors of 6/(-5*(-4)/170)?
3, 17
Suppose -3*t = 6 - 78. Suppose 2*z = 2*b + 2 - 4, 4*b = -z + t. What are the prime factors of 51/b + (-1)/5?
2, 5
Suppose -p = 2*k - 6*p - 6, 0 = p. Suppose -2*c = -k*l - 1, 1 = -c - 2*l + 4*l. Suppose -5*y - 4*f = -60 + 12, 0 = y + c*f + 3. What are the prime factors of y?
2, 3
Let o(y) = y + 16. Suppose 6*x = 4*x. List the prime factors of o(x).
2
Let z = -97 - -172. Let x = -43 + z. List the prime factors of x.
2
Let f(z) = -z**2. Let k(r) =